ided by 39?
38
Let w = 17779 + -17699. Suppose 0*y + 4*y = 52. Calculate the remainder when w is divided by y.
2
Suppose 8*x = 10*x + 3*d - 335, -x + d + 165 = 0. Suppose 2*c = 4*t - x, -10*c - 20 = -14*c. What is the remainder when 114 is divided by t?
26
Let o = 18821 - 17571. What is the remainder when o is divided by 267?
182
Let b = 124 + -111. Let o = 8 - 7. What is the remainder when b is divided by o - 2*3/(-2)?
1
Calculate the remainder when ((-84)/(-70))/(((-2)/(-365))/2) is divided by 179.
80
Let g(y) be the second derivative of -5/12*y**4 + 0 + 1/20*y**5 - 1/2*y**3 - 29*y + 9/2*y**2. Calculate the remainder when g(6) is divided by 8.
3
Let d = 76 - 74. Suppose -n + 3 = -0, 0 = -5*x + 2*n + 89. Suppose 24 - x = o. What is the remainder when o is divided by d?
1
Suppose 0 = f - 4*o - 21, -f - 156*o + 153*o = -21. Suppose -3*b + 123 = -114. Calculate the remainder when b is divided by f.
16
Let z = -75 + 89. Let i(h) = -2*h**2 + 32*h - 24. Calculate the remainder when i(z) is divided by -3*-2*(-11)/(-6).
10
Let b(c) = c**3 - 37*c**2 - 33*c - 17. Let x be b(38). Suppose -166*j - 175 = -x*j. Calculate the remainder when 144 is divided by j.
19
Suppose -5*l - 4*m = 5, -5*m = 13*l - 11*l + 19. Suppose d - 1 = -3, r + l*d = 7. Calculate the remainder when 57 is divided by r.
5
Let x = 16404 - 15070. What is the remainder when x is divided by 24?
14
Suppose 33 = 5*w + o, -2*o - 9 = -4*w + 3*o. Let h(c) = c**2 - 4*c - 5. Let g = 60 + -26. What is the remainder when g is divided by h(w)?
6
Suppose -5 = 6*j + 31. Suppose -o + 16 = 3*w, -3*o + w + 15 = -43. What is the remainder when (j*4/20)/(4/(-250)) is divided by o?
18
Suppose 422 = 15*d + 377. Suppose -t = -5*m - 68, d*t + 3*m = -m + 223. What is the remainder when 131 is divided by t?
58
Suppose 187*i = 175*i + 756. Calculate the remainder when i is divided by 50.
13
Suppose -253*f = -246*f - 84. What is the remainder when 753 is divided by f?
9
Let a be (76/(-4 + 2))/2*-17. Suppose a = 7*o + 10*o. Calculate the remainder when 30 is divided by o.
11
Let t(f) = -5*f + 196. What is the remainder when 66 is divided by t(35)?
3
Let m(q) = 5*q**2 - 4*q - 1. Let t be m(-5). Suppose 5*h - 14*h = t. Let s(o) = 2*o + 62. Calculate the remainder when 178 is divided by s(h).
28
Suppose 4*o = -0*o - y + 70, 4*o = y + 66. Suppose 4*r + 133 = b + 2*r, -4 = r. Let q = -75 + b. Calculate the remainder when q is divided by o.
16
Let d = -429 - -1156. Let f = -530 + d. Calculate the remainder when f is divided by 38.
7
Let a = -5 + 17. Suppose -51 = -15*k + a*k. Suppose 0 = 3*g + o - 141, 0*g = g - 2*o - 54. Calculate the remainder when g is divided by k.
14
Let a(w) = w**3 - 11*w**2 + 9*w - 241. What is the remainder when 1811 is divided by a(12)?
7
Suppose 4*c - 3*i = -c - 28, 3*c + 10 = -5*i. What is the remainder when (3 - c/(-2)) + 129/6 is divided by (-15)/(-3) + -3 + 2?
2
Suppose 4*q = z + 8*q + 76, -4*z - 2*q = 248. Let o = 20 - z. What is the remainder when o is divided by 21?
17
Let j = 3898 + -3595. Calculate the remainder when j is divided by (-12)/10*(-110)/3.
39
Let g(c) be the first derivative of -c**4/4 + c**3/3 - c**2 + 14*c + 3. Let k = -268 + 268. What is the remainder when 37 is divided by g(k)?
9
Suppose 0 = -g - 4*g + 5*b + 5, -3*g + 2*b = -2. Suppose g = 2*i - 15 + 183. Let n = i + 167. What is the remainder when n is divided by 29?
25
Let n be (29/3)/((-28)/21)*4. Let m = -27 - n. Let f = m - -7. What is the remainder when f is divided by 4?
1
Let w = 6 - 22. Let o = w + -15. Let b = -27 - o. Calculate the remainder when 6 is divided by b.
2
Let y(w) = 35*w**2 + 6*w + 4. Suppose 3*u + 3*u - 234 = 0. Let f = -41 + u. What is the remainder when y(f) is divided by 15?
12
Let i(w) = 10*w + 16. Let u be i(-2). Let h be (0 + 27)*(0 - 5). Calculate the remainder when 45 is divided by u/10 - 1809/h.
6
Let f = 221 + -202. Let m(o) = o**3 - 8*o**2 - 10. Let t be m(9). Let p = t - 15. What is the remainder when p is divided by f?
18
Let s = -590 - -1419. Suppose 9*h = 476 + s. What is the remainder when h is divided by 51?
43
Suppose 3*g + 113 = 116, -3*x = 4*g - 1108. Let v = 377 - x. Calculate the remainder when 40 is divided by v.
4
Suppose 5*d + 4*t - 474 = -193, -2*d = 4*t - 122. Let r be -8 - -10 - 1*-4. Let z = r + 8. What is the remainder when d is divided by z?
11
Let g(q) = -q**3 - q**2 - q + 17. What is the remainder when (57380/15)/19 - 2/(-3) is divided by g(0)?
15
Let u(p) be the second derivative of 0 + 21*p - 33/2*p**2 + p**3. What is the remainder when u(12) is divided by 10?
9
Let p = -15421 - -15472. Calculate the remainder when 404 is divided by p.
47
Let u(i) = 76*i + 6. Suppose -5*k - 2*k + 14 = 0. What is the remainder when u(k) is divided by 28?
18
Suppose 4*d + 56*v - 701 = 61*v, v - 898 = -5*d. Calculate the remainder when d is divided by 90.
89
Suppose 4*m + 11 = z, 0 = z - 2*m + 7*m - 2. Suppose -29 = -2*i - k, -6*i - 5*k + 13 = -z*i. What is the remainder when 202 is divided by i?
10
Let i be 2/8 - (-7194)/88. Suppose -3*t + i - 239 = -4*m, 66 = 2*m - 4*t. What is the remainder when m is divided by 15?
13
Let k = -10492 - -10508. What is the remainder when 668 is divided by k?
12
Suppose -2 - 1 = -n. Suppose -n*k - 5 = -8. Let r = k - -30. What is the remainder when 153 is divided by r?
29
Let b = 57 - 53. Suppose 0 = -b*i - 0*s - 5*s + 78, -59 = -3*i - 4*s. Calculate the remainder when 150 is divided by i.
14
Let b(p) = 13*p - 3. Let y(o) = -24 + 7*o + 22 + 6*o. Let k(h) = 7*b(h) - 6*y(h). Calculate the remainder when k(2) is divided by 7.
3
Suppose -11*c + 28*c - 850 = 0. Suppose 21*d - c = 16*d. Let o = -18 - -49. Calculate the remainder when o is divided by d.
1
Suppose 26*g = -180*g + 21630. Calculate the remainder when 503 is divided by g.
83
Suppose 152*x - 97*x = 23540. Calculate the remainder when x is divided by 60.
8
Let w = -977 - -1057. Calculate the remainder when w is divided by 52.
28
Let y(s) = s**3 + 128*s**2 + 120*s + 875. Calculate the remainder when y(-127) is divided by 117.
9
Let b = -6534 + 9840. What is the remainder when b is divided by 47?
16
Suppose -111*x - 48*x + 1942 + 3305 = 0. Calculate the remainder when 417 is divided by x.
21
Let b = 7368 + -7256. Calculate the remainder when 144 is divided by b.
32
Let o(m) = -2*m**2 - 49*m + 5. Let w be o(-24). Suppose -32*p = -w*p - 315. Calculate the remainder when p is divided by 27.
24
Suppose -4*p + 33 = -a, 2*p + 4*a + 555 = 603. What is the remainder when 275 is divided by p?
5
Let w = 2774 - 1757. What is the remainder when w is divided by 15?
12
Let u(g) = g**3 + 10*g - 22. Let j be u(2). Suppose -j*x = 89 - 185. What is the remainder when 26 is divided by x?
10
Let s = 154 - 37. Let d = -85 + s. Calculate the remainder when d is divided by 11.
10
Suppose -149*i = -1804 - 4250 - 8846. What is the remainder when 185 is divided by i?
85
Let z(r) = r**3 + 6*r**2 - 6*r + 2. Let c = -94 - -90. Calculate the remainder when z(c) is divided by (-1 - 9)/((-1)/1).
8
Let x(d) = -d**3 + 13*d**2 + 8*d + 154. Calculate the remainder when 182 is divided by x(14).
42
Let m(n) = 16*n - 78. Let h be m(6). Calculate the remainder when 11/(-66) + 4395/h is divided by 62.
58
Suppose 26*x = 1354 + 2286. Let j = 152 - x. What is the remainder when 574 is divided by j?
10
Let s be (20/7)/5 + (-2559)/7. Let w = s - -423. What is the remainder when 207 is divided by w?
33
Suppose 0 = -y - 0 + 19. Calculate the remainder when -394 - -401 - ((-2)/(-2) - 33) is divided by y.
1
Let c(j) = 10*j**2 - 49*j + 156. Calculate the remainder when 603 is divided by c(4).
3
Suppose -2*r + 118 = -0*r + j, 0 = 3*r + 5*j - 163. Calculate the remainder when 300 is divided by r.
56
Let z = 564 - 557. Suppose 2232 = 5*t + 2*q, 3*t - 1324 = 2*q - z*q. What is the remainder when t is divided by 30?
28
Let y be 2/(0 + (-4)/(-118)). Suppose -4*t - 203 = 5*k, -10*t = -k - 14*t - 31. Let i = k + y. Calculate the remainder when 58 is divided by i.
10
Suppose 7*y = 15 - 99. Suppose 2*i - 4 + 82 = 0. Let g = y - i. Calculate the remainder when 51 is divided by g.
24
Suppose 23*g + 15*g - 8686 - 206 = 0. What is the remainder when 1377 is divided by g?
207
Suppose 39*r - 4*r - 3115 = 0. What is the remainder when 207 is divided by r?
2